at is the greatest common divisor of u and 7011?
41
Let n be 7/3 - 2 - (-10)/6. Let a be ((-3 - 1) + n)*58/(-4). Suppose x - 45 = -16. What is the highest common factor of x and a?
29
Let u be -1 - -61 - 0 - (-10 + 10 + -8). What is the greatest common factor of 3604 and u?
68
Suppose 10*z + 17 = 11*z. Let t(r) = -r**2 + 32*r - 156. Let v be t(z). Calculate the greatest common divisor of 18 and v.
9
Let y = -4652 + 4937. Calculate the greatest common divisor of 15 and y.
15
Let y be 23 - -2 - (0 + 1). Let g(f) be the first derivative of 4*f**3/3 + 5*f**2/2 + 7*f + 3. Let j be g(-7). What is the greatest common factor of y and j?
24
Let y = -18 + 26. Let z(i) = -i**2 - 16*i - 12. Let p be z(-15). Let g be (p - (-2 + 7)) + 18. Calculate the highest common divisor of g and y.
8
Suppose 0 = 2*s - 2*c - 40262, 4*s = -5*c + 31684 + 48831. Calculate the highest common divisor of 660 and s.
330
Suppose 85*w + 12*w - 936 = -7*w. Let j(r) = 4*r**2 - 11*r + 5. Let p be j(8). Let z = 245 - p. Calculate the greatest common factor of w and z.
9
Let m be ((-3)/((-6)/2048))/(12/66). Calculate the greatest common divisor of 22 and m.
22
Let a be (-15)/(-45) - 16512/(-36). What is the highest common factor of 595 and a?
17
Suppose 154*i - 60157 + 9958 = 294453. Calculate the greatest common factor of 6 and i.
6
Let p be (-3)/(1*(-7)/21). Let s(j) = -j**2 + 10*j + 25. Let a be s(p). What is the highest common factor of a and 272?
34
Let r(m) = 75*m - 248. Let u be r(23). What is the highest common factor of u and 14?
7
Let w = 3 - 4. Let u be 172/12 - w/(-3). Suppose 0 = d + 1, 6*d - 3*d = 4*k - 143. Calculate the highest common factor of k and u.
7
Suppose -49*h = -56*h. Suppose -2*p + 30 + 168 = 3*t, h = -4*p + 4*t + 396. Calculate the highest common divisor of 18 and p.
9
Suppose -3*u + 5*y + 2665 = 0, u - 139*y + 145*y = 873. What is the highest common factor of 15 and u?
15
Let y = 54 + -47. Suppose 3*x - y*x = -2*a - 6, -4*a - 12 = 4*x. Let j be (175/10 + -4)*(2 - x). Calculate the highest common divisor of j and 63.
9
Let c(b) = b**3 + 22*b**2 + 47*b - 189. Let u be c(-19). Calculate the highest common divisor of u and 1.
1
Let x(w) = 7*w**3 - 7*w**2 + 17*w + 1. Let l be x(4). Calculate the highest common divisor of l and 25.
5
Let p be (1 + 8/(-6))/((-3)/5103). What is the greatest common divisor of p and 45?
9
Suppose t - 21909 = 5*k, 5*t - 745*k - 109545 = -746*k. Calculate the greatest common divisor of 201 and t.
201
Let w = -18220 - -20727. What is the highest common factor of w and 253?
23
Suppose 2*y - 4*q = -28, -2*y - 3*y + 5*q = 50. Let l be y + (33 - (0 - 0)). Let c(p) = 8*p + 1. Let o be c(1). Calculate the greatest common factor of l and o.
9
Let y = 2 + 1. Let x be 64/24 - 3*4/18. Suppose -x*o + 194 = 190. What is the greatest common divisor of o and y?
1
Let j be 2 + 14 + -2 + 0. Let b(k) = 8*k**2 + 8*k + j*k**3 - 9*k**3 - 6 - 4*k**3. Let h be b(-6). Calculate the highest common divisor of 45 and h.
9
Let r = 22 - 7. Suppose d - 30 = r. Let q = 13686 + -13671. What is the highest common divisor of d and q?
15
Let p = 1835 + -1723. Suppose -r + 47 = 3*t, -5*r + t = 6*t - 185. Suppose 2*g - v - 3*v - r = 0, 16 = g + 4*v. What is the greatest common factor of p and g?
16
Suppose 4*f + 6 = -5*j + 3*j, -12 = 4*j. Suppose -16*m + 7*m + 279 = f. What is the highest common factor of m and 248?
31
Let v(i) be the second derivative of i**5/20 + 7*i**4/12 - 7*i**3/2 - 7*i**2/2 + 7*i + 8. Let n be v(-7). Calculate the greatest common factor of 35 and n.
35
Let s be 14/(-21)*(-335 - (-4)/(-1)). Let l = -168 + s. What is the highest common factor of 145 and l?
29
Let k be (580/(-6) - -6)/(10/(-15)). Calculate the highest common divisor of k and 40.
8
Let l be ((-8)/(-4))/((-18)/1305). Let z = -1 - l. What is the highest common divisor of 18 and z?
18
Let h be ((-2)/4)/(7/(-42)). Suppose h*v - 286 - 113 = 0. Let k be ((-38)/4)/(5/(-10)). What is the highest common factor of v and k?
19
Let m(k) = -2124*k - 4182. Let q be m(-2). What is the highest common divisor of q and 11517?
33
Let h(k) = k**3 + 5*k**2 - 7*k + 7. Let l be h(-6). Let x = 359 + -343. Suppose x*r - 13*r = 273. What is the greatest common factor of l and r?
13
Suppose -t + 5*u - 444 = 0, -4*u - 131 = t + 322. Let r = 453 + t. Calculate the highest common divisor of r and 148.
4
Let r = 4 + -5. Let i(u) = -80*u**3 - u**2 - 2*u - 1. Let n be i(r). Suppose -13*d + 157 = -51. What is the greatest common divisor of d and n?
16
Suppose 0 = 65*r + 30*r - 29070. What is the greatest common divisor of 1105 and r?
17
Let a be (3/(-18))/((-1)/(-82))*-3. Let j = a + -69. Let m = -13 - j. Calculate the highest common factor of m and 10.
5
Suppose -18*c + 649792 = 129*c + 61*c. What is the greatest common factor of c and 132?
44
Suppose -4*y + 5*i = -4626, 178*i - 177*i = 6. Calculate the highest common factor of 12 and y.
12
Suppose 18*z - 16*z - 65 = 3*d, 5*d = 5*z - 160. Calculate the highest common divisor of z and 217.
31
Let t be 22456/84 - 1*(-4)/6. What is the highest common factor of t and 1139?
67
Let v(x) = -x**3 - 38*x**2 - 346*x + 5. Let b be v(-15). What is the greatest common factor of 1620 and b?
20
Suppose 9231 = 118*s - 27*s - 38089. Calculate the highest common divisor of 65 and s.
65
Let w(i) = 288 - 287*i + 93*i + 94*i + 94*i. Let t be w(12). What is the highest common factor of 48 and t?
24
Let x(p) be the second derivative of p**5/20 - 5*p**4/12 - 2*p**3/3 + 3*p**2 + 2*p + 1. Let h be x(6). What is the highest common divisor of h and 144?
18
Let m = 1021 + -972. Let x be (-4 + 11)*1064/m. Calculate the greatest common divisor of x and 24.
8
Let b be (-1 - 4*4/(-8))*91. Suppose -9*q = -5*q + 3*n - b, -4*q + 92 = 4*n. Calculate the greatest common divisor of q and 242.
22
Let c = -108629 + 108755. Let k(d) = d**2 + 2*d - 9. Let n be k(7). Calculate the highest common divisor of n and c.
18
Let l(o) = -o**2 + 10*o. Let h be l(10). Suppose -3*u + 39 + 60 = h. Let x = -1631 + 1653. What is the highest common divisor of x and u?
11
Suppose -4*p + 36 + 12 = 0. Let m = p + -8. Let k(h) = h**3 - h**2 + 2*h + 10. Let u be k(m). Calculate the greatest common factor of 22 and u.
22
Let t be 510/35 + (3 - 72/28). Suppose 0 = -t*r + 1112 - 272. What is the greatest common factor of r and 448?
56
Let n(m) = m**2 + 2*m - 3. Let u be n(3). Let l = u + -8. Suppose -l*j + 227 + 53 = 0. What is the highest common divisor of j and 28?
14
Let k(l) = -152*l - 3770. Let v be k(-30). Calculate the highest common divisor of 10 and v.
10
Let k = 1342 + -1321. Calculate the highest common factor of k and 4683.
21
Let d = 610 + 197. Let c = d + -636. Calculate the highest common divisor of 152 and c.
19
Let f(t) = 2*t**2 + 196*t + 3988. Let v be f(-83). Calculate the greatest common divisor of 963 and v.
107
Suppose 5*a - n = 462, -5*a - 2*n = -394 - 62. Let z be 483/21*(2 + -1 - -2). What is the greatest common factor of z and a?
23
Suppose 263 = 11*w - 3642. What is the greatest common divisor of 10 and w?
5
Let m be (4 - 11652/54)/((-29)/522). What is the highest common factor of 8 and m?
4
Let v(y) = y**2 + 16*y + 51. Let a be v(-12). Let g be a/(9/93) + -3. Suppose -r + 1 + 3 = 0. What is the greatest common factor of r and g?
4
Suppose -8*t = -3*t + 4*l - 2021, -1621 = -4*t + l. Let d = 407 - t. What is the highest common divisor of 18 and d?
2
Let i be -2 + 201 - (4 - 6). Let w = -173 + i. Calculate the highest common factor of w and 7.
7
Let g = -1746 + 1816. What is the greatest common divisor of 21105 and g?
35
Let f be -6*20/(-6) - 2/1. Let o be (2 - (-102)/(-54)) + 3418/f. What is the greatest common divisor of 38 and o?
38
Let a = -466 - -462. Let g be ((-19)/(-28)*8)/(a/(-14)). Calculate the highest common divisor of 646 and g.
19
Let a = 73 - 41. Let z(k) = -k**3 + 16*k**2 - 44*k + 29. Let p be z(12). Suppose 8 = p*b - 75*b. Calculate the greatest common divisor of a and b.
4
Let o be (-1 + (-1)/(-5))*375/(-30). Suppose 0 = 6*j + o - 154. Suppose j*b = 17*b + 105. What is the highest common factor of b and 12?
3
Let s be (5/4)/((-10)/(-80)). Let g be (1 + 0)/(2/s). Suppose -2*k + 3*x + 126 = 0, -1 - 9 = g*x. Calculate the greatest common factor of k and 24.
12
Suppose 0 = -120*v + 756*v -